s the highest common factor of 1341 and 27?
9
Calculate the greatest common divisor of 356 and 15041.
89
What is the highest common factor of 20 and 30?
10
What is the highest common divisor of 4238 and 26?
26
What is the greatest common factor of 2730 and 20?
10
What is the highest common factor of 2 and 256?
2
What is the greatest common divisor of 296 and 703?
37
Calculate the greatest common factor of 93 and 12.
3
What is the highest common divisor of 6 and 9?
3
What is the greatest common factor of 76 and 35454?
38
Calculate the highest common factor of 3537 and 27.
27
Calculate the highest common factor of 1399 and 1.
1
What is the greatest common factor of 40 and 500?
20
Calculate the greatest common factor of 105 and 1197.
21
What is the highest common divisor of 94 and 39386?
94
What is the highest common divisor of 46 and 1334?
46
Calculate the highest common divisor of 100 and 130.
10
Calculate the greatest common factor of 68 and 578.
34
What is the greatest common factor of 66 and 1023?
33
What is the highest common divisor of 158 and 44714?
158
Calculate the greatest common factor of 336 and 24.
24
What is the greatest common factor of 10755 and 45?
45
Calculate the highest common divisor of 170 and 620.
10
Calculate the highest common factor of 144 and 1125.
9
What is the highest common divisor of 240 and 1110?
30
Calculate the greatest common divisor of 70 and 270.
10
What is the greatest common divisor of 253 and 23?
23
What is the greatest common divisor of 25 and 325?
25
What is the greatest common divisor of 55 and 99?
11
What is the highest common divisor of 175 and 5350?
25
What is the highest common divisor of 1885 and 26?
13
What is the highest common divisor of 25477 and 146?
73
Calculate the greatest common divisor of 18 and 342.
18
What is the highest common factor of 8162 and 770?
154
Calculate the highest common factor of 704 and 2560.
64
What is the highest common factor of 697 and 1763?
41
What is the greatest common factor of 20 and 5545?
5
What is the greatest common divisor of 40 and 16?
8
Calculate the highest common divisor of 57 and 228.
57
What is the highest common factor of 42 and 28497?
21
Calculate the greatest common factor of 132 and 3201.
33
Calculate the highest common factor of 4 and 244.
4
What is the greatest common factor of 2046 and 31?
31
What is the highest common divisor of 17451 and 63?
63
Calculate the highest common factor of 20 and 210.
10
Calculate the greatest common divisor of 112 and 28.
28
Calculate the highest common divisor of 14 and 189.
7
Calculate the highest common factor of 35 and 28.
7
What is the highest common factor of 213 and 497?
71
Calculate the highest common divisor of 48 and 126.
6
What is the highest common divisor of 140 and 3493?
7
Calculate the greatest common factor of 52 and 12.
4
Calculate the greatest common factor of 95 and 400.
5
Calculate the greatest common factor of 15 and 1692.
3
Calculate the greatest common divisor of 338 and 988.
26
What is the highest common divisor of 13 and 21541?
13
What is the greatest common factor of 130 and 52?
26
What is the highest common divisor of 35 and 20?
5
What is the greatest common divisor of 90 and 210?
30
What is the greatest common factor of 855 and 9?
9
What is the greatest common divisor of 8 and 296?
8
Calculate the highest common divisor of 1364 and 44.
44
What is the highest common divisor of 120 and 1020?
60
Calculate the greatest common divisor of 40 and 8.
8
What is the greatest common factor of 305 and 5?
5
Calculate the highest common factor of 1308 and 12.
12
What is the greatest common divisor of 4590 and 170?
170
What is the greatest common divisor of 104 and 13?
13
What is the highest common divisor of 155 and 11315?
155
Calculate the greatest common divisor of 84 and 20604.
12
What is the greatest common factor of 29 and 551?
29
Calculate the highest common factor of 957 and 87.
87
Calculate the greatest common factor of 21879 and 935.
187
Calculate the highest common divisor of 1938 and 12.
6
What is the greatest common factor of 3053 and 71?
71
What is the highest common divisor of 3 and 633?
3
What is the highest common divisor of 1755 and 390?
195
Calculate the greatest common factor of 336 and 2576.
112
Calculate the greatest common factor of 75 and 825.
75
What is the greatest common divisor of 5 and 205?
5
What is the greatest common factor of 3854 and 94?
94
What is the highest common factor of 2235 and 60?
15
Calculate the highest common divisor of 28 and 49.
7
Calculate the highest common factor of 40 and 870.
10
Calculate the highest common divisor of 68 and 12852.
68
What is the highest common factor of 18 and 168?
6
Calculate the greatest common factor of 208 and 960.
16
Calculate the greatest common divisor of 110 and 1760.
110
Calculate the greatest common factor of 925 and 37.
37
What is the highest common divisor of 901 and 17?
17
Calculate the highest common factor of 920 and 40.
40
Calculate the greatest common divisor of 428 and 4.
4
What is the greatest common divisor of 60 and 31215?
15
Calculate the highest common divisor of 45 and 2085.
15
What is the greatest common factor of 434 and 682?
62
What is the highest common divisor of 1254 and 228?
114
Calculate the highest common divisor of 918 and 34.
34
Calculate the greatest common divisor of 46 and 943.
23
Calculate the highest common divisor of 40383 and 63.
63
Calculate the greatest common divisor of 84 and 2247.
21
What is the greatest common factor of 3332 and 84?
28
What is the highest common divisor of 51 and 14977?
17
Calculate the highest common divisor of 465 and 15.
15
What is the highest common factor of 62 and 19654?
62
What is the greatest common factor of 22 and 352?
22
Calculate the greatest common factor of 923 and 26.
13
Calculate the highest common factor of 336 and 1296.
48
Calculate the greatest common divisor of 468 and 1287.
117
Calculate the highest common factor of 13 and 56823.
13
What is the greatest common factor of 169 and 26?
13
What is the greatest common factor of 56 and 432?
8
What is the highest common factor of 13 and 143?
13
What is the highest common factor of 99 and 429?
33
Calculate the greatest common divisor of 1161 and 86.
43
What is the highest common divisor of 1420 and 40?
20
Calculate the greatest common factor of 150 and 36450.
150
What is the highest common divisor of 42 and 534?
6
What is the highest common factor of 2067 and 507?
39
Calculate the greatest common divisor of 40 and 24.
8
Calculate the greatest common factor of 6486 and 2256.
282
What is the highest common factor of 729 and 9?
9
What is the highest common factor of 77 and 121?
11
What is the highest common factor of 6404 and 4?
4
What is the greatest common divisor of 6 and 5496?
6
Calculate the highest common divisor of 1298 and 33.
11
Calculate the highest common divisor of 4061 and 393.
131
Calculate the greatest common factor of 1961 and 265.
53
What is the greatest common factor of 500 and 160?
20
Calculate the highest common factor of 11 and 5819.
11
What is the highest common divisor of 364 and 39?
13
Calculate the highest common factor of 85 and 119.
17
Calculate the greatest common divisor of 24 and 72.
24
Calculate the highest common divisor of 81 and 261.
9
What is the greatest common factor of 425 and 2890?
85
What is the greatest common factor of 64 and 8?
8
Calculate the highest common divisor of 7 and 371.
7
Calculate the highest common factor of 1911 and 156.
39
Calculate the greatest common factor of 13 and 416.
13
Calculate the highest common divisor of 3600 and 15.
15
What is the greatest common factor of 86 and 86?
86
Calculate the greatest common divisor of 43 and 473.
43
What is the highest common divisor of 175 and 275?
25
What is the highest common divisor of 361 and 931?
19
Calculate the highest common factor of 116 and 3364.
116
What is the greatest common divisor of 333 and 888?
111
What is the highest common factor of 300 and 3400?
100
What is the greatest common divisor of 78 and 1014?
78
Calculate the greatest common factor of 107 and 107.
107
Calculate the greatest common factor of 2400 and 750.
150
What is the highest common factor of 8950 and 2864?
358
Calculate the greates